 z(-37)?
-25
Let h(r) = -r**3 + 2*r**2 + 17*r - 254. Calculate h(0).
-254
Let k(p) = 4*p**2 + 447*p - 134. What is k(-112)?
-22
Let p(a) = 91*a + 5802. What is p(-61)?
251
Let r(u) = 37*u - 426. What is r(12)?
18
Let s(u) = u**2 + 70*u + 159. Give s(-68).
23
Let o(h) = -h**3 - h**2 - 14*h + 34. What is o(5)?
-186
Let b(d) = 129*d - 5960. Determine b(46).
-26
Let l(s) = -2*s - 655. Give l(0).
-655
Let a(z) = 3*z**2 + 15*z - 235. What is a(0)?
-235
Let f(d) = -3*d**2 + 96*d - 668. Give f(13).
73
Let u(o) = -539*o + 96. Determine u(0).
96
Let o(r) = -r**2 + 554*r - 67127. Calculate o(375).
-2
Let m(c) = c**3 + 50*c**2 + 226*c + 8. Calculate m(-45).
-37
Let l(o) = -o**3 + 34*o**2 + 95*o - 113. Give l(36).
715
Let x(b) = -16*b**2 - 20*b + 155. Determine x(5).
-345
Let n(l) = -97*l - 1287. Determine n(-13).
-26
Let x(i) = 130*i + 34317. Determine x(-264).
-3
Let w(x) = -503*x - 14583. What is w(-29)?
4
Let l(c) = -291*c - 139. Calculate l(-1).
152
Let i(z) = 4*z**2 - 5*z + 34. What is i(8)?
250
Let s(m) = -5*m**2 + 440*m - 53. Determine s(88).
-53
Let w(f) = 8*f - 126. Give w(10).
-46
Let g(l) = 3863*l - 30918. Determine g(8).
-14
Let h(j) = 11*j**2 - 86*j - 44. Determine h(9).
73
Let v(a) = 7*a - 45. Calculate v(-2).
-59
Let r(b) = -18*b + 115. Give r(3).
61
Let k(c) = -5*c**3 + 90*c**2 + 4*c - 57. Determine k(18).
15
Let r(z) = -z**3 - 19*z**2 + 94*z + 86. Calculate r(-23).
40
Let a(q) = 2*q**2 + 70*q - 309. Give a(-39).
3
Let w(b) = b**3 + 3*b**2 + 10*b - 54. Determine w(4).
98
Let c(j) = j**2 - 36*j - 358. Calculate c(-9).
47
Let i(d) = 23*d**3 - d**2 - 2*d + 1. Give i(2).
177
Let o(a) = -a**2 + 46*a - 258. What is o(6)?
-18
Let k(z) = z**3 + 10*z**2 + 35*z + 451. Determine k(-13).
-511
Let b(v) = 2*v**3 + 13*v**2 - 7*v - 137. What is b(-5)?
-27
Let r(m) = 3*m**2 + 808*m - 4125. Determine r(5).
-10
Let x(n) = n**3 - 5*n**2 - 46*n - 11. Determine x(10).
29
Let j(n) = 2*n**2 + 87*n + 145. Calculate j(-42).
19
Let b(s) = 192*s - 692. Determine b(2).
-308
Let o(f) = -7*f + 55. Determine o(15).
-50
Let w(i) = -4*i**2 + 136*i + 971. Give w(-6).
11
Let g(x) = -17*x - 296. Give g(-17).
-7
Let x(y) = -y**2 - y + 6. Calculate x(-22).
-456
Let c(t) = -t**2 + 554*t - 6503. Give c(12).
1
Let s(m) = -m**2 - 1133*m + 55464. Calculate s(47).
4
Let r(g) = 46*g**3 - 26*g**2 + 47*g + 10. What is r(2)?
368
Let h(u) = -65*u - 40. Calculate h(4).
-300
Let m(k) = -k**2 - 190*k - 5180. Calculate m(-157).
1
Let a(i) = -26*i**2 - 571*i + 13. What is a(-22)?
-9
Let n(l) = 20*l**2 - 31*l - 80. Calculate n(3).
7
Let s(y) = 2*y**2 - 206*y + 1855. Determine s(93).
-5
Let n(o) = 13*o**2 + 65*o - 148. Calculate n(2).
34
Let d(k) = -k**2 - 32*k - 285. Determine d(-35).
-390
Let s(b) = 70*b - 1666. What is s(24)?
14
Let q(y) = -288*y + 1794. Determine q(6).
66
Let q(p) = 25*p**3 + 6*p**2 - p - 1. Give q(-2).
-175
Let x(a) = a**3 - 16*a**2 - 18*a + 26. What is x(17)?
9
Let y(w) = -22*w - 128. What is y(-6)?
4
Let u(o) = o**3 - 40*o**2 - 83*o - 101. Determine u(42).
-59
Let y(a) = a**3 - a**2 - 61*a - 113. Give y(-6).
1
Let m(p) = -p**3 - 5*p**2 + 26*p + 17. What is m(5)?
-103
Let s(z) = -z**3 + 59*z**2 + 122*z - 6. Determine s(-2).
-6
Let h(d) = -4*d**3 + 286*d**2 + 146*d - 136. Calculate h(72).
8
Let b(k) = -2*k**2 - 37*k - 130. What is b(-4)?
-14
Let b(z) = z**3 + 17*z**2 - 480*z - 14. Calculate b(-32).
-14
Let t(l) = 3*l**2 - 6*l - 10. Give t(-8).
230
Let w(l) = -l**3 + 6*l**2 + 60*l + 24. Calculate w(-7).
241
Let r(v) = -177*v - 387. Give r(-2).
-33
Let l(j) = j**2 + 40*j + 340. What is l(-13)?
-11
Let q(j) = -383*j + 357. Determine q(1).
-26
Let p(b) = -2*b**2 - 3*b + 33. Give p(6).
-57
Let o(q) = -4*q**3 - 11*q + 5. Calculate o(2).
-49
Let c(h) = 48*h + 6099. Give c(-127).
3
Let a(l) = -l**3 + 2*l**2 + 16*l + 27. Give a(-4).
59
Let h(d) = -3*d + 284. Give h(67).
83
Let i(s) = 428*s + 1910. What is i(-5)?
-230
Let b(i) = -33*i - 48. Determine b(-1).
-15
Let c(t) = -793*t - 7954. What is c(-10)?
-24
Let h(w) = 2*w**3 + 96*w**2 + 2*w + 84. Determine h(-48).
-12
Let o(y) = -14*y**2 - 323*y - 22. Calculate o(-23).
1
Let b(g) = g**3 - 53*g**2 + 106*g - 157. Determine b(51).
47
Let h(s) = -122*s + 1219. Give h(10).
-1
Let u(a) = -2*a**3 - 105*a**2 - 740*a + 347. Give u(-44).
-5
Let g(w) = w**2 - 2*w - 785. Calculate g(-27).
-2
Let j(g) = 11*g**2 + 9*g - 80. What is j(6)?
370
Let u(k) = 2*k**3 + 26*k**2 - 2*k - 22. Give u(-12).
290
Let z(g) = 3*g**2 + 80*g - 111. Calculate z(-30).
189
Let f(z) = 9*z + 113. Give f(-12).
5
Let k(b) = -17*b - 132. Determine k(-10).
38
Let w(v) = -v**2 - 5*v + 205. Calculate w(-17).
1
Let p(f) = -38*f**2 - 793*f + 94. Give p(-21).
-11
Let x(k) = -k**3 + 19*k**2 - 5*k + 51. Determine x(19).
-44
Let v(q) = 88*q. Give v(1).
88
Let t(c) = -10*c + 211. What is t(-7)?
281
Let j(c) = 13*c**2 - 84*c + 40. Give j(6).
4
Let c(i) = i**3 + 16*i**2 + 47*i + 14. Give c(-4).
18
Let f(o) = -3*o**3 + o**2 - 11*o - 22. Determine f(-4).
230
Let l(b) = 213*b - 2342. Give l(11).
1
Let o(s) = 2*s**3 + 22*s**2 - 2*s + 6. Give o(-9).
348
Let b(z) = -54*z - 1. Determine b(-2).
107
Let p(f) = 223*f + 6673. Calculate p(-30).
-17
Let s(u) = -2*u**3 - 16*u**2 + 7*u + 59. Calculate s(-8).
3
Let a(u) = 7*u + 32. Calculate a(-5).
-3
Let d(m) = -87*m - 8394. Determine d(-96).
-42
Let s(l) = 33*l + 559. Determine s(-17).
-2
Let k(c) = 5*c + 116. Calculate k(-12).
56
Let u(s) = -s**3 + 11*s**2 - 29*s + 9. Determine u(3).
-6
Let j(i) = -8*i**2 + i + 17. Determine j(-4).
-115
Let c(g) = -2*g**2 + 699*g - 5468. What is c(8)?
-4
Let l(b) = -7*b**2 - 17*b + 7. What is l(-2)?
13
Let a(r) = 54*r + 932. Determine a(-15).
122
Let h(r) = 2*r**2 - 6*r - 17. Give h(-4).
39
Let y(r) = 67*r + 597. Give y(-9).
-6
Let d(u) = -u + 205. Determine d(-40).
245
Let k(p) = 2*p - 98. Calculate k(17).
-64
Let x(z) = z**2 + 39*z - 380. Determine x(8).
-4
Let g(i) = 2*i**2 - 163*i + 3117. Give g(30).
27
Let s(x) = x**2 - 280*x - 43407. Give s(391).
-6
Let z(o) = -440*o - 3964. Determine z(-9).
-4
Let v(b) = -5*b**2 + 71*b - 322. Calculate v(11).
-146
Let m(j) = j**3 + 5*j**2 - 36*j + 201. What is m(6)?
381
Let o(u) = 2*u**3 + 61*u**2 + 25*u. What is o(-30)?
150
Let q(a) = a**2 - 69*a - 74. What is q(0)?
-74
Let j(g) = 43*g + 750. Give j(-11).
277
Let v(y) = -y**3 + 13*y**2 - 36*y - 62. What is v(8)?
-30
Let p(r) = r**3 + 16*r**2 - 30*r + 107. Determine p(-18).
-1
Let u(p) = -p**3 - 44*p**2 + 2875*p - 411. Determine u(-80).
-11
Let c(r) = r**3 - 11*r**2 - 16*r - 12. What is c(12)?
-60
Let n(z) = z**3 + 31*z**2 + 58*z + 123. Give n(-29).
123
Let z(y) = 4*y**2 + 50*y + 45. Calculate z(-12).
21
Let l(j) = j**2 + 7*j - 331. Calculate l(15).
-1
Let p(k) = 5*k**3 + 5*k**2 + 2*k + 11. Give p(-4).
-237
Let j(h) = h**3 - 114*h**2 - 108*h - 949. Give j(115).
-144
Let t(p) = 15*p**2 + 76*p + 10. Determine t(-5).
5
Let j(t) = 4*t**2 - 54*t - 109. Determine j(13).
-135
Let t(i) = 1248*i + 8633. Calculate t(-7).
-103
Let t(p) = 21*p + 964. Determine t(-57).
-233
Let t(x) = 85*x + 4. Calculate t(0).
4
Let t(x) = -28*x + 135. Give t(12).
-201
Let x(m) = 2*m**2 - 27*m - 112. Give x(-6).
122
Let f(w) = -271*w + 1068. Determine f(4).
-16
Let a(g) = 163*g + 294. What is a(-2)?
-32
Let l(g) = 84*g + 1676. What is l(-20)?
-4
Let v(z) = 19*z**3 - 2*z**2 + 7*z - 6. Determine v(1).
18
Let m(r) = 2*r**3 + 20*r**2 + 29*r + 103. Give m(-11).
-458
Let k(c) = 131*c**2 - 649*c - 33. Calculate k(5).
-3
Let x(s) = -18*s + 120. Calculate x(-3).
174
Let v(l) = -l**3 + 45*l**2 + 9*l + 1690. What is v(46)?
-12
Let l(b) = 2*b**3 + 38*b**2 + 8*b - 13. Give l(-19).
-165
Let b(q) = -q**3 - 4*q**2 - q + 19. What is b(-3)?
13
Let r(s) = 9*s + 96. What is r(5)?
141
Let m(l) = 6*l**2 - 41*l - 35. Determine m(7).
-28
Let s(j) = j**2 - 222*j + 8728. What is s(51)?
7
Let s(w) = 6*w**3 - 3*w**2 - 3*w + 8. Determine s(-2).
-46
Let c(h) = 28*h - 907. Give c(28).
-123
Let v(n) = -51*n**2 - 409*n + 2. Determine v(-8).
10
Let i(b) = b**3 + 9*b**2 + 3*b + 28. Determine i(-9).
1
Let s(y) = -17*y**2 + 86*y - 7. Determine s(0).
-7
Let j(m) = 2694*m - 13477. Calculate j(5).
-7
Let x(w) = -41*w - 199. Calculate x(-7).
88
Let w(y) = 2*y**3 - 459*y**2 + 224*y + 1164. What is w(229)?
19
Let d(s) = -3*s**3 - 6*s**2 + 10*s + 5. Determine d(-3).
2
Let o(p) = -374*p**2 + 411